9*s - 122296. What is i(81)?
-67
Let g(j) = -j**2 + 4815*j + 2346423. Give g(-446).
17
Let n(g) = -21243*g + 339899. Calculate n(16).
11
Let n(r) = -250*r - 22339. What is n(-91)?
411
Let g(a) = 47*a**2 + 1477*a + 1478. Give g(-1).
48
Let t(m) = -8382*m + 16618. Give t(2).
-146
Let c(x) = 357*x**2 - 678*x + 1. Give c(4).
3001
Let j(o) = -2*o**3 + 274*o**2 + 1943*o - 266179. Give j(137).
12
Let j(t) = t**3 + 103*t**2 + 227*t - 25775. Determine j(-98).
-1
Let c(t) = -21*t**3 - 5*t**2 + 5*t - 5. Calculate c(-3).
502
Let i(g) = 3*g**3 + 15*g**2 - 94*g + 90. Determine i(7).
1196
Let d(z) = -5*z**3 - 4175*z**2 - 4143*z + 22519. Calculate d(-834).
1
Let u(p) = p**2 + 106*p - 5119. Calculate u(35).
-184
Let t(m) = 60580*m + 242314. Determine t(-4).
-6
Let i(m) = -4*m**2 - 1125*m + 2257. Give i(2).
-9
Let y(k) = -2119*k**2 - 211*k + 14. What is y(-1)?
-1894
Let c(b) = -12679*b + 773426. Determine c(61).
7
Let c(r) = -37*r**3 - 2252*r**2 + 74*r - 14094. Determine c(-61).
-3
Let z(o) = -86013*o + 4472688. Give z(52).
12
Let w(b) = 3441*b + 633112. Give w(-184).
-32
Let y(w) = -10587*w - 5642885. Give y(-533).
-14
Let o(c) = -1259*c + 662. Calculate o(1).
-597
Let q(s) = 2*s**2 - 573*s - 7789. Give q(-13).
-2
Let v(b) = 17*b**2 + 6994*b - 270438. What is v(-447)?
-3
Let m(w) = 103*w**2 + 465*w - 2873. What is m(-8)?
-1
Let d(t) = 54287*t + 271417. Calculate d(-5).
-18
Let w(q) = 6*q**3 - 271*q**2 + 43*q + 375. Calculate w(45).
285
Let k(j) = -7571*j - 5189. Determine k(-1).
2382
Let m(i) = -2*i**3 - i**2 + 730*i - 29. Determine m(20).
-1829
Let v(k) = k**3 - 1432*k**2 + 145417*k + 321. What is v(110)?
-9
Let d(c) = 21*c**2 + 3711*c - 28088. Give d(-184).
64
Let n(a) = -20728*a - 124487. Determine n(-6).
-119
Let k(y) = -7*y**3 - 24*y**2 - 17*y - 11. What is k(-4)?
121
Let p(h) = h**3 - 25*h**2 + 150*h + 41. Calculate p(13).
-37
Let q(w) = -36126*w + 108652. Calculate q(3).
274
Let c(p) = -2*p**2 + 976*p - 21399. Determine c(23).
-9
Let s(g) = 719*g + 33072. Give s(-46).
-2
Let z(t) = 898*t - 50293. Calculate z(56).
-5
Let v(q) = q**2 - 2674*q + 419. Determine v(0).
419
Let w(m) = m**2 + 96*m + 4167. Determine w(-51).
1872
Let a(s) = -2*s**2 + 345*s - 14857. Determine a(93).
-70
Let z(f) = -f**3 - 2*f**2 - 87784*f - 175571. Calculate z(-2).
-3
Let h(u) = u**3 - 819*u**2 + 1574*u + 49034. Give h(817).
14
Let n(y) = -8*y**2 + 1613*y - 81000. Determine n(107).
-1
Let n(k) = 1696*k - 38698. What is n(23)?
310
Let f(p) = p**2 + 3252*p + 485905. Give f(-157).
-10
Let c(o) = -1669*o + 41163. What is c(24)?
1107
Let s(l) = -2*l**2 + 371*l + 3961. Give s(197).
-570
Let i(h) = 23*h**3 - 77*h**2 + 238*h - 9. Calculate i(3).
633
Let x(l) = 122*l + 7439. Determine x(-61).
-3
Let a(l) = -3*l**3 + 2*l**2 - 35*l + 218. Give a(6).
-568
Let y(u) = 7*u**3 + 95*u**2 - 46*u + 88. Give y(-16).
-3528
Let p(h) = -7*h**3 - 2356*h**2 + 998*h - 4357. What is p(-337)?
24
Let l(x) = -x**3 + 20*x**2 + 409*x - 7010. Give l(25).
90
Let p(g) = -6065*g + 11152. What is p(2)?
-978
Let i(f) = -f**3 - 40*f**2 + 2302*f - 149. Calculate i(-72).
-5
Let n(h) = 696827*h + 7665094. Give n(-11).
-3
Let p(d) = d**2 + 290282*d - 13645447. What is p(47)?
16
Let q(u) = -169*u**2 - 1755*u + 377. Determine q(-11).
-767
Let l(r) = -3*r**3 - 34*r**2 + 47*r - 99. Calculate l(-12).
-375
Let s(r) = 6*r**2 - 283*r - 2003. Calculate s(68).
6497
Let a(q) = 3218*q - 16135. What is a(6)?
3173
Let o(h) = 1137*h + 15917. Give o(-14).
-1
Let n(m) = 7*m**2 - 11*m - 69. What is n(0)?
-69
Let k(o) = o**3 + 11*o**2 - 6478*o - 77570. Determine k(-12).
22
Let n(x) = -27480*x - 302272. Give n(-11).
8
Let x(v) = 104253*v - 417011. What is x(4)?
1
Let k(i) = 2*i**2 - 1718*i + 124656. Calculate k(80).
16
Let u(v) = 42*v**2 - 5957*v + 33322. What is u(136)?
2
Let k(i) = 2*i**3 + 81*i**2 + 796*i - 56. Give k(-16).
-248
Let o(z) = -2*z**3 - 374*z**2 - 364*z + 1543. Give o(-186).
55
Let v(q) = q**3 - 823*q**2 - 16864*q + 3377. What is v(843)?
5
Let a(o) = 5*o**3 - 65*o**2 - 50*o + 1743. What is a(11)?
-17
Let r(p) = 22*p**2 - 146*p + 362. Calculate r(4).
130
Let k(y) = 2*y**3 + 602*y**2 - 3047*y + 3959. Give k(-306).
-19
Let q(b) = 43795*b - 8145870. Calculate q(186).
0
Let f(g) = -5*g**3 + 605*g**2 + 612*g - 240. Give f(122).
4
Let u(k) = -6*k**2 + 115997*k + 231999. Give u(-2).
-19
Let v(n) = 100*n**3 - 135*n**2 - 256*n + 58. Determine v(-2).
-770
Let v(q) = 60429*q - 120837. What is v(2)?
21
Let l(t) = 1283*t + 673573. What is l(-525)?
-2
Let g(f) = 121243*f**2 - 363716*f - 45. Calculate g(3).
-6
Let k(l) = 2*l**3 - 56*l**2 + 348*l - 329. What is k(10)?
-449
Let j(o) = -741*o**2 - 2205*o + 50. Give j(-3).
-4
Let j(t) = -8606*t + 5344335. What is j(621)?
9
Let f(k) = -2*k**3 - 472*k**2 - 430*k + 9385. Calculate f(-235).
-15
Let o(t) = -11*t**2 - 5*t + 219. Determine o(-7).
-285
Let c(j) = j**3 - 23*j**2 + 3355*j - 45210. What is c(14)?
-4
Let r(u) = -1119*u - 159935. Determine r(-143).
82
Let m(l) = -l**3 + 35451*l**2 - 70900*l + 15. Determine m(2).
11
Let t(v) = -1927*v + 225539. Give t(117).
80
Let c(b) = 5*b**2 - 190*b + 346. Calculate c(40).
746
Let s(z) = 2*z**2 + 22800*z - 1998716. What is s(87)?
22
Let d(x) = x**3 + 37*x**2 - 339*x - 27. Calculate d(-43).
3456
Let r(m) = 255*m - 393. Calculate r(4).
627
Let f(u) = u**2 - 7385*u + 139943. Determine f(19).
-11
Let x(r) = -r**2 - 142*r + 13223. What is x(64)?
39
Let l(k) = -4746*k - 2. Determine l(0).
-2
Let n(o) = -119*o**2 - 1006*o + 3437. What is n(-11)?
104
Let k(g) = -g**2 - 84*g - 511. Calculate k(22).
-2843
Let q(b) = b**2 + 126*b + 1597. Determine q(-14).
29
Let v(f) = -191058*f - 2292694. Determine v(-12).
2
Let x(u) = -126*u - 3679. Calculate x(-38).
1109
Let o(b) = -17*b**2 + 376*b + 5480. Give o(-10).
20
Let c(r) = -2*r**2 - 829*r - 1275. Give c(-413).
-36
Let j(f) = 15*f**2 - 75*f - 786. Determine j(10).
-36
Let x(l) = 2*l**3 - 59*l**2 + 216*l - 12. Calculate x(4).
36
Let d(w) = 72813*w - 364194. Give d(5).
-129
Let z(v) = 7907*v - 260932. Calculate z(33).
-1
Let l(w) = -296526*w + 296528. Calculate l(1).
2
Let h(w) = -3230*w - 45235. Calculate h(-14).
-15
Let j(b) = -b**2 + 901*b + 99025. Determine j(-99).
25
Let y(b) = -142*b**2 + 4013*b - 4828. Give y(27).
5
Let h(w) = -w**2 - 556*w + 9454. Determine h(17).
-287
Let n(w) = -w**2 + 157*w - 1313. What is n(8)?
-121
Let g(a) = -4*a**3 + 2126*a**2 - 3179*a - 528. Give g(530).
2
Let f(v) = -v**2 - 2241*v - 107411. Give f(-49).
-3
Let m(r) = -128870*r + 4381583. What is m(34)?
3
Let l(q) = 65*q**2 - 766*q + 765. Calculate l(1).
64
Let x(d) = 2*d**2 - 345228*d - 2761947. Calculate x(-8).
5
Let l(m) = -7*m**3 + 237*m**2 - 193*m - 14. What is l(33)?
151
Let n(j) = -j**3 - 76*j**2 - 526*j - 300. Calculate n(-7).
1
Let r(m) = 67*m**2 - 3293*m + 471. Determine r(49).
-19
Let q(n) = n**3 + 46*n**2 + 197*n + 11500. Calculate q(-47).
32
Let j(m) = 10*m**2 - 94*m + 172. Determine j(7).
4
Let j(c) = 388*c**2 + 1163*c - 18. Determine j(-3).
-15
Let u(j) = -j**3 - 11*j**2 + 168*j + 1556. Calculate u(-10).
-224
Let p(c) = 30937*c + 185632. What is p(-6)?
10
Let l(g) = -77*g**2 + 508*g - 7. Calculate l(6).
269
Let k(d) = d**3 + 90*d**2 + 2025*d + 204. Determine k(-47).
16
Let x(l) = 3*l**2 + 230*l + 3909. Determine x(-16).
997
Let y(g) = -45*g**2 + 1460*g - 2040. Calculate y(31).
-25
Let i(k) = -206*k**2 + 870*k - 16. Calculate i(5).
-816
Let i(d) = 4*d**2 + 464*d + 1389. Give i(-3).
33
Let u(o) = 1871567*o + 5614696. What is u(-3)?
-5
Let q(v) = v**2 - 3362*v + 30177. What is q(9)?
0
Let u(i) = 4*i**2 + 260*i + 2053. Determine u(-50).
-947
Let h(u) = -5*u**3 - 31*u**2 + 182*u - 2. Give h(0).
-2
Let k(o) = 17713*o - 53136. Calculate k(3).
3
Let b(f) = 1508803*f - 7543983. Determine b(5).
32
Let t(k) = -3145*k + 1204876. Determine t(383).
341
Let a(q) = -1061*q - 102925. Determine a(-97).
-8
Let d(n) = -n**2 - 351*n - 6550. Calculate d(-20).
70
Let d(k) = 195*k**2 + 953*k + 48. Give d(-5).
158
Let f(b) = -5429*b - 124871. Give f(-23).
-4
Let p(r) = r**2 + 100*r + 381. Give p(-96).
-3
Let p(m) = 46*m**2 + 2959*m + 103. Determine p(-64).
-857
Let t(i) = -564*i - 165844. Give t(-294).
-28
Let w(u) = 3*u**2 + 5976*u + 11947. Calculate w(-2).
7
Let t(q) = -8816*q - 2759417. Give t(-313).
-9
Let i(b) = -b**3 + 91*b**2 + 3347*b - 178